ivisor of 36 and 71028.
36
What is the highest common factor of 24768 and 301?
43
What is the highest common divisor of 161 and 1314312?
23
Calculate the greatest common divisor of 1120 and 137312.
224
Calculate the highest common factor of 239 and 1782701.
239
Calculate the highest common divisor of 2937 and 159.
3
What is the highest common divisor of 46 and 22931?
23
Calculate the highest common divisor of 224 and 9828.
28
Calculate the highest common divisor of 19818 and 41104.
734
What is the greatest common factor of 1644 and 2563818?
822
Calculate the greatest common factor of 90 and 26940.
30
What is the greatest common factor of 285 and 23883?
57
What is the highest common divisor of 350 and 5208?
14
Calculate the highest common divisor of 6666 and 11396.
22
What is the greatest common factor of 7 and 293279?
7
What is the greatest common divisor of 70 and 235480?
70
What is the greatest common factor of 53 and 932164?
53
Calculate the highest common divisor of 260440 and 34.
34
Calculate the highest common factor of 1700 and 238850.
850
What is the highest common factor of 185 and 588966?
37
Calculate the highest common factor of 604 and 238278.
302
Calculate the highest common factor of 23520 and 24.
24
Calculate the greatest common divisor of 66 and 231099.
33
What is the greatest common divisor of 63 and 476?
7
What is the highest common factor of 1464 and 1472?
8
What is the highest common factor of 387 and 114309?
9
Calculate the highest common factor of 1305 and 29493.
261
What is the greatest common factor of 9191 and 556409?
707
What is the greatest common divisor of 24 and 388924?
4
Calculate the highest common factor of 494 and 8203.
13
Calculate the greatest common divisor of 11618 and 16502.
74
Calculate the greatest common factor of 103808 and 128949.
811
Calculate the greatest common divisor of 18730 and 10.
10
What is the greatest common divisor of 1659781 and 2155?
431
What is the highest common divisor of 49504 and 1664?
416
Calculate the highest common factor of 464 and 270048.
464
Calculate the greatest common factor of 99 and 39743.
11
What is the highest common divisor of 1613516 and 908?
908
What is the highest common divisor of 79560 and 27030?
510
What is the greatest common factor of 20790 and 18645?
165
Calculate the greatest common factor of 29889 and 621.
27
What is the greatest common divisor of 6528 and 32912?
272
What is the greatest common divisor of 1508 and 3172?
52
What is the highest common divisor of 851 and 139265?
23
What is the greatest common factor of 20 and 21870?
10
Calculate the greatest common factor of 41100 and 6600.
300
Calculate the greatest common divisor of 21452 and 6572.
124
Calculate the greatest common divisor of 40 and 2834980.
20
What is the highest common divisor of 220 and 225775?
55
What is the highest common divisor of 6260 and 2735?
5
Calculate the highest common divisor of 19 and 382850.
19
What is the greatest common factor of 104 and 12766?
26
Calculate the highest common divisor of 52 and 197899.
13
What is the greatest common factor of 36351 and 259?
7
What is the greatest common divisor of 960950 and 100?
50
Calculate the greatest common factor of 475 and 17081.
19
Calculate the greatest common factor of 33330 and 45.
15
What is the greatest common factor of 12590 and 70?
10
What is the highest common divisor of 74 and 20313?
37
Calculate the highest common divisor of 425125 and 95.
95
What is the greatest common divisor of 847528 and 11?
11
Calculate the greatest common factor of 207 and 43983.
9
What is the highest common divisor of 2146 and 7178?
74
What is the highest common factor of 270 and 1940625?
135
What is the highest common factor of 22104 and 232?
8
What is the greatest common divisor of 376776 and 54?
18
What is the highest common factor of 14364 and 467628?
1596
Calculate the greatest common divisor of 2404 and 8.
4
What is the greatest common divisor of 3334 and 32?
2
What is the greatest common divisor of 1760440 and 616?
88
Calculate the greatest common factor of 2071 and 545.
109
Calculate the highest common factor of 664101 and 8136.
1017
What is the greatest common divisor of 612 and 18156?
204
What is the highest common factor of 2520 and 32088?
168
What is the highest common divisor of 8585 and 2295?
85
Calculate the highest common factor of 7700 and 8750.
350
What is the highest common divisor of 30041 and 22?
11
Calculate the highest common factor of 8 and 2696.
8
What is the greatest common factor of 4922805 and 570?
285
What is the greatest common factor of 258 and 288?
6
What is the greatest common divisor of 45 and 648840?
15
Calculate the greatest common factor of 57585 and 33.
33
Calculate the greatest common factor of 95676 and 476.
476
Calculate the highest common factor of 14679 and 45.
9
What is the highest common divisor of 6281 and 451?
11
Calculate the greatest common divisor of 15610 and 896.
14
Calculate the highest common divisor of 189503 and 217.
31
What is the highest common divisor of 165516 and 39?
39
What is the highest common divisor of 10361 and 85279?
797
What is the greatest common divisor of 1206 and 42498?
18
What is the highest common factor of 27 and 516753?
27
Calculate the highest common divisor of 240348 and 204.
12
What is the greatest common divisor of 5537 and 1358?
7
What is the highest common divisor of 8088348 and 888?
444
Calculate the highest common factor of 640001 and 841.
841
What is the highest common factor of 23777 and 67301?
403
What is the highest common divisor of 49987 and 111?
37
What is the highest common divisor of 133832 and 8?
8
What is the highest common divisor of 50 and 2560?
10
Calculate the greatest common divisor of 75263 and 219.
73
Calculate the greatest common divisor of 23065 and 70.
35
What is the greatest common factor of 25090 and 195?
65
What is the greatest common factor of 46 and 246284?
46
Calculate the greatest common factor of 1095 and 281050.
365
Calculate the greatest common factor of 88083 and 36.
9
Calculate the greatest common divisor of 672 and 4320.
96
What is the greatest common factor of 228401 and 2479?
37
What is the highest common divisor of 12041271 and 66?
33
Calculate the greatest common factor of 9900 and 2244.
132
What is the highest common factor of 289 and 9979?
17
What is the greatest common factor of 247 and 46280?
13
Calculate the greatest common divisor of 737228 and 1896.
316
What is the greatest common divisor of 193 and 5531187?
193
What is the highest common factor of 12508 and 848?
212
What is the greatest common factor of 2869 and 7771?
19
Calculate the greatest common divisor of 1350 and 7938.
54
Calculate the highest common factor of 1761975 and 90.
45
Calculate the greatest common factor of 44 and 5364634.
22
Calculate the greatest common divisor of 697 and 5234470.
697
What is the highest common divisor of 57 and 21128?
19
Calculate the highest common divisor of 78676 and 952.
68
Calculate the greatest common factor of 5863 and 1435.
41
What is the highest common divisor of 106927 and 2369?
23
What is the highest common factor of 16 and 1591432?
8
Calculate the highest common factor of 7479966 and 156.
78
What is the highest common divisor of 14 and 5847646?
14
What is the greatest common divisor of 231 and 375837?
231
Calculate the greatest common divisor of 4351 and 266.
19
What is the highest common divisor of 25 and 5721625?
25
Calculate the greatest common factor of 448 and 35728.
112
Calculate the highest common divisor of 714908 and 2668.
116
What is the highest common divisor of 35756 and 168?
28
What is the greatest common factor of 22137 and 7065?
471
What is the greatest common divisor of 32 and 632552?
8
Calculate the greatest common factor of 801 and 1998.
9
What is the highest common factor of 2448 and 8296?
136
What is the highest common factor of 32945 and 12579?
599
Calculate the highest common divisor of 2373 and 63.
21
What is the highest common divisor of 360 and 835?
5
What is the highest common factor of 165890 and 4240?
530
Calculate the greatest common divisor of 1408 and 149504.
128
Calculate the greatest common factor of 1326293 and 47.
47
What is the greatest common factor of 15561 and 38?
19
What is the